{"id":964,"date":"2018-08-30T13:50:50","date_gmt":"2018-08-30T16:50:50","guid":{"rendered":"https:\/\/ensavellaneda-cba.infd.edu.ar\/sitio\/requisitos-de-preinscripcion-2\/"},"modified":"2020-12-09T13:45:23","modified_gmt":"2020-12-09T16:45:23","slug":"requisitos-de-preinscripcion-2","status":"publish","type":"page","link":"https:\/\/ensavellaneda-cba.infd.edu.ar\/sitio\/requisitos-de-preinscripcion-2\/","title":{"rendered":"Plan de Estudio"},"content":{"rendered":"<p>NIVEL: Superior<br \/>\nMODALIDAD: Presencial.<br \/>\nDURACI\u00d3N DEL PLAN DE ESTUDIOS: 4 (cuatro) a\u00f1os.<\/p>\n<p>Resoluci\u00f3n de aprobaci\u00f3n de la carrera Profesorado de Educaci\u00f3n Primaria en\u00a0<a href=\"https:\/\/dges-cba.infd.edu.ar\/sitio\/upload\/Res979-14_Disenio_Curr_Primaria_Inicial_2015.PDF\">https:\/\/dges-cba.infd.edu.ar\/sitio\/upload\/Res979-14_Disenio_Curr_Primaria_Inicial_2015.PDF<\/a><\/p>\n<p>Dise\u00f1o Curricular del Profesorado de Educaci\u00f3n Primaria (provincia de C\u00f3rdoba) en\u00a0<a href=\"https:\/\/dges-cba.infd.edu.ar\/sitio\/upload\/Disenio_Curr_Primaria_Inicial_2015.pdf\">https:\/\/dges-cba.infd.edu.ar\/sitio\/upload\/Disenio_Curr_Primaria_Inicial_2015.pdf<\/a><\/p>\n<p>&nbsp;<\/p>\n<p><img decoding=\"async\" loading=\"lazy\" src=\"https:\/\/ensavellaneda-cba.infd.edu.ar\/sitio\/wp-content\/uploads\/2018\/08\/Plan_de_estudio_N._Primario.jpg\" width=\"503\" height=\"910\" border=\"0\" \/><\/p>\n","protected":false},"excerpt":{"rendered":"<p>NIVEL: Superior MODALIDAD: Presencial. DURACI\u00d3N DEL PLAN DE ESTUDIOS: 4 (cuatro) a\u00f1os. Resoluci\u00f3n de aprobaci\u00f3n de la carrera Profesorado de Educaci\u00f3n Primaria en\u00a0https:\/\/dges-cba.infd.edu.ar\/sitio\/upload\/Res979-14_Disenio_Curr_Primaria_Inicial_2015.PDF Dise\u00f1o Curricular del Profesorado de Educaci\u00f3n Primaria (provincia de C\u00f3rdoba) en\u00a0https:\/\/dges-cba.infd.edu.ar\/sitio\/upload\/Disenio_Curr_Primaria_Inicial_2015.pdf &nbsp;<\/p>\n","protected":false},"author":1518,"featured_media":0,"parent":0,"menu_order":0,"comment_status":"closed","ping_status":"closed","template":"","meta":[],"acf":[],"_links":{"self":[{"href":"https:\/\/ensavellaneda-cba.infd.edu.ar\/sitio\/wp-json\/wp\/v2\/pages\/964"}],"collection":[{"href":"https:\/\/ensavellaneda-cba.infd.edu.ar\/sitio\/wp-json\/wp\/v2\/pages"}],"about":[{"href":"https:\/\/ensavellaneda-cba.infd.edu.ar\/sitio\/wp-json\/wp\/v2\/types\/page"}],"author":[{"embeddable":true,"href":"https:\/\/ensavellaneda-cba.infd.edu.ar\/sitio\/wp-json\/wp\/v2\/users\/1518"}],"replies":[{"embeddable":true,"href":"https:\/\/ensavellaneda-cba.infd.edu.ar\/sitio\/wp-json\/wp\/v2\/comments?post=964"}],"version-history":[{"count":5,"href":"https:\/\/ensavellaneda-cba.infd.edu.ar\/sitio\/wp-json\/wp\/v2\/pages\/964\/revisions"}],"predecessor-version":[{"id":1939,"href":"https:\/\/ensavellaneda-cba.infd.edu.ar\/sitio\/wp-json\/wp\/v2\/pages\/964\/revisions\/1939"}],"wp:attachment":[{"href":"https:\/\/ensavellaneda-cba.infd.edu.ar\/sitio\/wp-json\/wp\/v2\/media?parent=964"}],"curies":[{"name":"wp","href":"https:\/\/api.w.org\/{rel}","templated":true}]}}