{"id":1057,"date":"2018-08-30T13:51:25","date_gmt":"2018-08-30T16:51:25","guid":{"rendered":"https:\/\/ensavellaneda-cba.infd.edu.ar\/sitio\/tecnicatura-superior-en-bromatologia\/"},"modified":"2024-11-22T16:14:02","modified_gmt":"2024-11-22T19:14:02","slug":"tecnicatura-superior-en-bromatologia","status":"publish","type":"page","link":"https:\/\/ensavellaneda-cba.infd.edu.ar\/sitio\/tecnicatura-superior-en-bromatologia\/","title":{"rendered":"Tecnicatura Superior en Tecnolog\u00eda Y Biotecnolog\u00eda de los Alimentos"},"content":{"rendered":"<p><strong>NIVEL FORMACI\u00d3N T\u00c9CNICA SUPERIOR<\/strong><\/p>\n<p><strong>Duraci\u00f3n<\/strong>: 2 a\u00f1os y medio<\/p>\n<p><strong>Modalidad de Cursado<\/strong>: Presencial<\/p>\n<p><strong>R\u00e9gimen de Cursado:<\/strong> Cuatrimestral y Anual<\/p>\n<p><strong>Carga horaria total:<\/strong> 1802 horas reloj<\/p>\n<p><strong>Res. Min. Educaci\u00f3n Prov. Cba. N\u00b0180-2024<\/strong><\/p>\n<h5 style=\"text-align: center;\"><span style=\"color: #003366;\"><em><strong>Tecnicatura Superior en Tecnolog\u00eda y Biotecnolog\u00eda de los Alimentos<\/strong><\/em><\/span><\/h5>\n<p><strong>PERFIL PROFESIONAL del T\u00c9CNICO SUPERIOR EN TECNOLOG\u00cdA\u00a0Y BIOTECNOLOG\u00cdA\u00a0DE LOS ALIMENTOS<\/strong><\/p>\n<p style=\"text-align: left;\">\u00a0 \u00a0 \u00a0 \u00a0 \u00a0 \u00a0 El T\u00e9cnico Superior en Tecnolog\u00eda y Biotecnolog\u00eda de los Alimentos, es un profesional que analiza, diagnostica y resuelve problemas espec\u00edficos del \u00e1rea de producci\u00f3n alimentaria, desde la selecci\u00f3n de la materia prima e insumos, hasta que el producto terminado llega al consumidor. Implementa, opera, controla y sugiere mejoras, en las operaciones y procesos unitarios de la\u00a0<br \/>industria alimentaria, manejando variables de proceso y, uso de energ\u00eda y materiales. Toma, transporta, conserva y acondiciona muestras a partir de materias primas, insumos, productos, utensilios, herramental, equipos, personal, instalaciones y efluentes, en f\u00e1bricas y transporte de alimentos y\/o relacionados. Efect\u00faa e interpreta los distintos tipos de an\u00e1lisis de las muestras tomadas, realizando valoraciones y sugerencias en funci\u00f3n de los resultados obtenidos. Aplica y controla la ejecuci\u00f3n de legislaci\u00f3n y normativa vigente para lograr la calidad e inocuidad del producto. Inspecciona y dirige desde lo bromatol\u00f3gico; f\u00e1bricas y medios de transporte de materias primas, insumos alimentarios y alimentos elaborados. Como inspector y director t\u00e9cnico asesora sobre la legislaci\u00f3n bromatol\u00f3gica vigente, en lo referido al dise\u00f1o, habilitaci\u00f3n y modificaciones de locales, instalaciones y equipos, de f\u00e1bricas y comercios de alimentos. <br \/>\u00a0 \u00a0 \u00a0 \u00a0 \u00a0 \u00a0 \u00a0Selecciona, manipula y utiliza con destreza utensilios, herramientas, equipos e instalaciones propias del \u00e1rea de conocimiento. Genera y\/o participa en emprendimientos de su \u00e1rea de especificidad.<br \/>\u00a0 \u00a0 \u00a0 \u00a0 \u00a0 \u00a0 \u00a0El T\u00e9cnico Superior en Tecnolog\u00eda y Biotecnolog\u00eda de los Alimentos est\u00e1 capacitado para aplicar y transferir conocimientos, habilidades, destrezas, valores y actitudes en situaciones reales, conforme al alcance, funciones y subfunciones propias de su campo espec\u00edfico. Es un profesional dotado de cultura digital y capacidad de trabajo en equipos interdisciplinarios, lo que le permite <br \/>adaptarse a distintas situaciones de trabajo, interpretando la realidad del entorno y llevando soluciones a problemas cotidianos y de proyecci\u00f3n; de los distintos sectores de la producci\u00f3n de materias primas, insumos alimentarios y alimentos elaborados, para lograr productos de calidad e inocuidad alimentaria, y as\u00ed lograr la seguridad alimentaria. Se desempe\u00f1a en peque\u00f1os, medianos y\/o grandes emprendimientos, de naturaleza p\u00fablica o privada, en relaci\u00f3n de dependencia o en forma aut\u00f3noma. Su ejercicio profesional incluye una visi\u00f3n macro y local de la regi\u00f3n donde se desempe\u00f1e, atendiendo al cuidado del medio ambiente, uso y preservaci\u00f3n de recursos, bajo un concepto de sustentabilidad, en los sectores alimentarios. Participa en procesos de investigaci\u00f3n, desarrollo e innovaci\u00f3n de nuevos productos y servicios del orden alimentario, generando valor agregado a estos. Desarrolla su profesionalidad en sociedad y en <br \/>su campo de acci\u00f3n, bajo principios \u00e9ticos y deontol\u00f3gicos.<\/p>\n<p><strong>FUNCIONES QUE EJERCE EL PROFESIONAL<\/strong><\/p>\n<p>\u00a0 \u00a0 \u00a0 \u00a0 \u00a0 \u00a0 \u00a0 \u00a0 El t\u00e9cnico est\u00e1 capacitado para desempe\u00f1arse en diferentes situaciones y contextos regionales que caracterizan la producci\u00f3n de alimentos en nuestro pa\u00eds. Son funciones y subfunciones b\u00e1sicas y comunes a todo los T\u00e9cnicos Superiores en Tecnolog\u00eda y Biotecnolog\u00eda de los Alimentos las descritas a continuaci\u00f3n. En dichas funciones pueden identificarse las actividades profesionales del perfil de:<\/p>\n<ul>\n<li>Analizar, diagnosticar y resolver problemas espec\u00edficos del \u00e1rea que van desde la adecuada selecci\u00f3n &#8211; almacenamiento de materia prima, insumos y productos terminados, como de la trazabilidad alimentaria, el tratamiento de los efluentes que genera la industria, hasta que llega el producto elaborado al consumidor final.<\/li>\n<li>Implementar, operar y\/o controlar los par\u00e1metros de proceso en las distintas l\u00edneas de producci\u00f3n y en los equipos a trav\u00e9s de los instrumentos existentes de la industria alimentaria.<\/li>\n<li>Organizar y dirigir las actividades de laboratorio, de los distintos procesos de producci\u00f3n y\/o del desarrollo de nuevos productos, conformes a las normas de higiene, seguridad y ambiente en el procesamiento de los alimentos para garantizar la calidad e inocuidad de los alimentos.<\/li>\n<li>Realizar e interpretar los an\u00e1lisis y ensayos organol\u00e9pticos, f\u00edsicos, qu\u00edmicos, fisicoqu\u00edmicos y microbiol\u00f3gicos de materias primas, insumos, materiales en proceso y productos alimenticios (de origen animal, vegetal, mineral y\/o artificial), efluentes y emisiones al medio ambiente.<\/li>\n<li>Aplicar y controlar la ejecuci\u00f3n de normas de calidad, higiene y seguridad, ambientales, inocuidad, inspecci\u00f3n e integridad a fin de alcanzar los est\u00e1ndares definidos en la producci\u00f3n y comercializaci\u00f3n de los distintos tipos de alimentos.<\/li>\n<li>Generar y\/o participar de emprendimientos vinculados con \u00e1reas de su profesionalidad.<\/li>\n<li>Interactuar y desenvolverse responsablemente, interna y externamente; con pares y otros, en el \u00e1rea espec\u00edfica de profesionalidad del t\u00e9cnico superior, reconociendo cr\u00edtica y reflexivamente el impacto de nuevas tecnolog\u00edas y nuevos productos del campo alimentario en funci\u00f3n del mejoramiento de la calidad de vida y el desarrollo socioecon\u00f3mico regional.<\/li>\n<\/ul>\n<p><strong>PLAN DE ESTUDIOS\u00a0<\/strong><\/p>\n<p><strong><a href=\"https:\/\/ensavellaneda-cba.infd.edu.ar\/sitio\/wp-content\/uploads\/2024\/11\/RM-180-2024-Plan-de-estudios-de-la-Tecnicatura-Superior-en-Tecnologia-y-Biotecnologia-de-los-Alimentos-2024.pdf\">https:\/\/ensavellaneda-cba.infd.edu.ar\/sitio\/wp-content\/uploads\/2024\/11\/RM-180-2024-Plan-de-estudios-de-la-Tecnicatura-Superior-en-Tecnologia-y-Biotecnologia-de-los-Alimentos-2024.pdf<\/a><\/strong><\/p>\n<p>\u00a0<\/p>\n<p><strong>ESTRUCTURA<\/strong> <strong>CURRICULAR<\/strong><\/p>\n\n\n<figure class=\"wp-block-image size-full is-resized\"><img decoding=\"async\" src=\"https:\/\/ensavellaneda-cba.infd.edu.ar\/sitio\/wp-content\/uploads\/2024\/11\/PRIMER-ANO_page-0001-edited-1.jpg\" alt=\"\" class=\"wp-image-4066\" width=\"1017\" srcset=\"https:\/\/ensavellaneda-cba.infd.edu.ar\/sitio\/wp-content\/uploads\/2024\/11\/PRIMER-ANO_page-0001-edited-1.jpg 1241w, https:\/\/ensavellaneda-cba.infd.edu.ar\/sitio\/wp-content\/uploads\/2024\/11\/PRIMER-ANO_page-0001-edited-1-1000x750.jpg 1000w, https:\/\/ensavellaneda-cba.infd.edu.ar\/sitio\/wp-content\/uploads\/2024\/11\/PRIMER-ANO_page-0001-edited-1-768x576.jpg 768w\" sizes=\"(max-width: 1241px) 100vw, 1241px\" \/><\/figure>\n\n\n\n<figure class=\"wp-block-image size-full is-resized\"><img decoding=\"async\" src=\"https:\/\/ensavellaneda-cba.infd.edu.ar\/sitio\/wp-content\/uploads\/2024\/11\/SEGUNDO-ANO_page-0001-edited-1.jpg\" alt=\"\" class=\"wp-image-4067\" width=\"1020\" srcset=\"https:\/\/ensavellaneda-cba.infd.edu.ar\/sitio\/wp-content\/uploads\/2024\/11\/SEGUNDO-ANO_page-0001-edited-1.jpg 1241w, https:\/\/ensavellaneda-cba.infd.edu.ar\/sitio\/wp-content\/uploads\/2024\/11\/SEGUNDO-ANO_page-0001-edited-1-1000x750.jpg 1000w, https:\/\/ensavellaneda-cba.infd.edu.ar\/sitio\/wp-content\/uploads\/2024\/11\/SEGUNDO-ANO_page-0001-edited-1-768x576.jpg 768w\" sizes=\"(max-width: 1241px) 100vw, 1241px\" \/><\/figure>\n\n\n\n<figure class=\"wp-block-image size-full\"><img decoding=\"async\" loading=\"lazy\" width=\"1241\" height=\"931\" src=\"https:\/\/ensavellaneda-cba.infd.edu.ar\/sitio\/wp-content\/uploads\/2024\/11\/TERCER-ANO_page-0001-edited.jpg\" alt=\"\" class=\"wp-image-4068\" srcset=\"https:\/\/ensavellaneda-cba.infd.edu.ar\/sitio\/wp-content\/uploads\/2024\/11\/TERCER-ANO_page-0001-edited.jpg 1241w, https:\/\/ensavellaneda-cba.infd.edu.ar\/sitio\/wp-content\/uploads\/2024\/11\/TERCER-ANO_page-0001-edited-1000x750.jpg 1000w, https:\/\/ensavellaneda-cba.infd.edu.ar\/sitio\/wp-content\/uploads\/2024\/11\/TERCER-ANO_page-0001-edited-768x576.jpg 768w\" sizes=\"(max-width: 1241px) 100vw, 1241px\" \/><\/figure>\n","protected":false},"excerpt":{"rendered":"<p>NIVEL FORMACI\u00d3N T\u00c9CNICA SUPERIOR Duraci\u00f3n: 2 a\u00f1os y medio Modalidad de Cursado: Presencial R\u00e9gimen de Cursado: Cuatrimestral y Anual Carga horaria total: 1802 horas reloj Res. Min. Educaci\u00f3n Prov. Cba. N\u00b0180-2024 Tecnicatura Superior en Tecnolog\u00eda y Biotecnolog\u00eda de los Alimentos PERFIL PROFESIONAL del T\u00c9CNICO SUPERIOR EN TECNOLOG\u00cdA\u00a0Y BIOTECNOLOG\u00cdA\u00a0DE LOS ALIMENTOS \u00a0 \u00a0 \u00a0 \u00a0 \u00a0 &#8230; <a title=\"Tecnicatura Superior en Tecnolog\u00eda Y Biotecnolog\u00eda de los Alimentos\" class=\"read-more\" href=\"https:\/\/ensavellaneda-cba.infd.edu.ar\/sitio\/tecnicatura-superior-en-bromatologia\/\" aria-label=\"More on Tecnicatura Superior en Tecnolog\u00eda Y Biotecnolog\u00eda de los Alimentos\">[+]<\/a><\/p>\n","protected":false},"author":1518,"featured_media":0,"parent":0,"menu_order":0,"comment_status":"closed","ping_status":"closed","template":"","meta":[],"acf":[],"_links":{"self":[{"href":"https:\/\/ensavellaneda-cba.infd.edu.ar\/sitio\/wp-json\/wp\/v2\/pages\/1057"}],"collection":[{"href":"https:\/\/ensavellaneda-cba.infd.edu.ar\/sitio\/wp-json\/wp\/v2\/pages"}],"about":[{"href":"https:\/\/ensavellaneda-cba.infd.edu.ar\/sitio\/wp-json\/wp\/v2\/types\/page"}],"author":[{"embeddable":true,"href":"https:\/\/ensavellaneda-cba.infd.edu.ar\/sitio\/wp-json\/wp\/v2\/users\/1518"}],"replies":[{"embeddable":true,"href":"https:\/\/ensavellaneda-cba.infd.edu.ar\/sitio\/wp-json\/wp\/v2\/comments?post=1057"}],"version-history":[{"count":9,"href":"https:\/\/ensavellaneda-cba.infd.edu.ar\/sitio\/wp-json\/wp\/v2\/pages\/1057\/revisions"}],"predecessor-version":[{"id":4074,"href":"https:\/\/ensavellaneda-cba.infd.edu.ar\/sitio\/wp-json\/wp\/v2\/pages\/1057\/revisions\/4074"}],"wp:attachment":[{"href":"https:\/\/ensavellaneda-cba.infd.edu.ar\/sitio\/wp-json\/wp\/v2\/media?parent=1057"}],"curies":[{"name":"wp","href":"https:\/\/api.w.org\/{rel}","templated":true}]}}