{"id":1031,"date":"2018-08-30T13:51:15","date_gmt":"2018-08-30T16:51:15","guid":{"rendered":"https:\/\/ensavellaneda-cba.infd.edu.ar\/sitio\/tecnicatura-superior-en-gestion-y-mantenimiento-industrial\/"},"modified":"2024-05-23T16:17:30","modified_gmt":"2024-05-23T19:17:30","slug":"tecnicatura-superior-en-gestion-y-mantenimiento-industrial","status":"publish","type":"page","link":"https:\/\/ensavellaneda-cba.infd.edu.ar\/sitio\/tecnicatura-superior-en-gestion-y-mantenimiento-industrial\/","title":{"rendered":"Tecnicatura Superior en Gesti\u00f3n Ambiental"},"content":{"rendered":"<pre><strong>NIVEL FORMACI\u00d3N T\u00c9CNICA SUPERIOR<\/strong>\n\n<strong>Duraci\u00f3n<\/strong>: 2 a\u00f1os y medio\n\n<strong>Modalidad de Cursado:<\/strong> Presencial\n\n<strong>R\u00e9gimen de Cursado:<\/strong> Cuatrimestral y Anual\n\n<strong>Res. Min. Educaci\u00f3n Prov. Cba 2024<\/strong>\n\n<strong>Carga horaria total: <\/strong>1.630 h. reloj\n\n<\/pre>\n<p style=\"text-align: center;\"><span style=\"color: #003366;\"><em><strong>Tecnicatura Superior en Gesti\u00f3n Ambiental <\/strong><\/em><\/span><\/p>\n<p>Funciones que ejerce el\/la profesional:<\/p>\n<ul>\n<li>Participar en proyectos, dise\u00f1os y gestiones referidas al ordenamiento ambiental.<\/li>\n<li>Aplicar m\u00e9todos y t\u00e9cnicas de monitoreo y recopilaci\u00f3n de datos.<\/li>\n<li>Verificar la aplicaci\u00f3n de la normativa ambiental vigente tanto de cumplimiento obligatorio como voluntario.<\/li>\n<li>Promover y participar en la planificaci\u00f3n de sistemas de gesti\u00f3n ambiental.<\/li>\n<li>Ejecutar y\/o implementar sistemas de gesti\u00f3n ambiental.<\/li>\n<li>Seleccionar y asesorar en servicios y productos del \u00e1rea ambiental.<\/li>\n<li>Gestionar ante organismos p\u00fablicos y privados la tramitaci\u00f3n de expedientes relativos a cuestiones ambientales p\u00fablicas o privadas.<\/li>\n<li>Planificar e implementar programas y campa\u00f1as de informaci\u00f3n y educaci\u00f3n ambiental en el marco de las pol\u00edticas ambientales vigentes.<\/li>\n<li>Interactuar con profesionales de distintos campos en el relevamiento, evaluaci\u00f3n y gesti\u00f3n de las condiciones ambientales y en la prevenci\u00f3n de accidentes, tanto en el \u00e1mbito de trabajo como en la Comunidad en la que se encuentra.<\/li>\n<\/ul>\n<p><img decoding=\"async\" loading=\"lazy\" class=\" wp-image-3923 aligncenter\" src=\"https:\/\/ensavellaneda-cba.infd.edu.ar\/sitio\/wp-content\/uploads\/2024\/05\/GA-1.png\" alt=\"\" width=\"630\" height=\"594\" \/> <img decoding=\"async\" loading=\"lazy\" class=\" wp-image-3924 aligncenter\" src=\"https:\/\/ensavellaneda-cba.infd.edu.ar\/sitio\/wp-content\/uploads\/2024\/05\/GA-2.png\" alt=\"\" width=\"636\" height=\"1092\" \/> <img decoding=\"async\" loading=\"lazy\" class=\" wp-image-3925 aligncenter\" src=\"https:\/\/ensavellaneda-cba.infd.edu.ar\/sitio\/wp-content\/uploads\/2024\/05\/GA-3.png\" alt=\"\" width=\"628\" height=\"380\" \/><\/p>\n<hr \/>\n<pre><\/pre>\n<ul>\n<li style=\"list-style-type: none;\"><\/li>\n<\/ul>\n","protected":false},"excerpt":{"rendered":"<p>NIVEL FORMACI\u00d3N T\u00c9CNICA SUPERIOR Duraci\u00f3n: 2 a\u00f1os y medio Modalidad de Cursado: Presencial R\u00e9gimen de Cursado: Cuatrimestral y Anual Res. Min. Educaci\u00f3n Prov. Cba 2024 Carga horaria total: 1.630 h. reloj Tecnicatura Superior en Gesti\u00f3n Ambiental Funciones que ejerce el\/la profesional: Participar en proyectos, dise\u00f1os y gestiones referidas al ordenamiento ambiental. Aplicar m\u00e9todos y t\u00e9cnicas &#8230; <a title=\"Tecnicatura Superior en Gesti\u00f3n Ambiental\" class=\"read-more\" href=\"https:\/\/ensavellaneda-cba.infd.edu.ar\/sitio\/tecnicatura-superior-en-gestion-y-mantenimiento-industrial\/\" aria-label=\"More on Tecnicatura Superior en Gesti\u00f3n Ambiental\">[+]<\/a><\/p>\n","protected":false},"author":1518,"featured_media":0,"parent":0,"menu_order":0,"comment_status":"closed","ping_status":"closed","template":"","meta":[],"acf":[],"_links":{"self":[{"href":"https:\/\/ensavellaneda-cba.infd.edu.ar\/sitio\/wp-json\/wp\/v2\/pages\/1031"}],"collection":[{"href":"https:\/\/ensavellaneda-cba.infd.edu.ar\/sitio\/wp-json\/wp\/v2\/pages"}],"about":[{"href":"https:\/\/ensavellaneda-cba.infd.edu.ar\/sitio\/wp-json\/wp\/v2\/types\/page"}],"author":[{"embeddable":true,"href":"https:\/\/ensavellaneda-cba.infd.edu.ar\/sitio\/wp-json\/wp\/v2\/users\/1518"}],"replies":[{"embeddable":true,"href":"https:\/\/ensavellaneda-cba.infd.edu.ar\/sitio\/wp-json\/wp\/v2\/comments?post=1031"}],"version-history":[{"count":7,"href":"https:\/\/ensavellaneda-cba.infd.edu.ar\/sitio\/wp-json\/wp\/v2\/pages\/1031\/revisions"}],"predecessor-version":[{"id":3929,"href":"https:\/\/ensavellaneda-cba.infd.edu.ar\/sitio\/wp-json\/wp\/v2\/pages\/1031\/revisions\/3929"}],"wp:attachment":[{"href":"https:\/\/ensavellaneda-cba.infd.edu.ar\/sitio\/wp-json\/wp\/v2\/media?parent=1031"}],"curies":[{"name":"wp","href":"https:\/\/api.w.org\/{rel}","templated":true}]}}