{"id":1009,"date":"2018-08-30T13:51:07","date_gmt":"2018-08-30T16:51:07","guid":{"rendered":"https:\/\/ensavellaneda-cba.infd.edu.ar\/sitio\/tecnicatura-superior-en-maquinarias-y-equipos-agropecuarios\/"},"modified":"2024-05-22T12:49:26","modified_gmt":"2024-05-22T15:49:26","slug":"tecnicatura-superior-en-maquinarias-y-equipos-agropecuarios","status":"publish","type":"page","link":"https:\/\/ensavellaneda-cba.infd.edu.ar\/sitio\/tecnicatura-superior-en-maquinarias-y-equipos-agropecuarios\/","title":{"rendered":"Tecnicatura Superior en Maquinarias y Equipos Agropecuarios"},"content":{"rendered":"<pre style=\"text-align: left;\"><strong>NIVEL FORMACI\u00d3N T\u00c9CNICA SUPERIOR<\/strong>\n<strong>\nDuraci\u00f3n: <\/strong>3 (tres) a\u00f1os.\n\n<strong>Modalidad de Cursado<\/strong>: <strong>Combinada<\/strong>\n\n<strong>R\u00e9gimen de Cursado:<\/strong> Anual\n\n<strong>Carga horaria total: <\/strong>1.749 hs\n\n<strong>Res. Min. Educaci\u00f3n Prov. Cba N\u00b0 1000\/13<\/strong><strong>\n\n\u00a0 \u00a0 \u00a0 \u00a0 \u00a0 \u00a0 \u00a0 \u00a0 \u00a0 \u00a0 \u00a0 \u00a0 \u00a0 \u00a0 \u00a0 \u00a0 \u00a0 \u00a0 \u00a0 \u00a0 \u00a0 \u00a0 \u00a0 \u00a0 \u00a0 \u00a0 \u00a0 <em>\u00a0<span style=\"color: #003366;\">Tecnicatura Superior en Maquinarias y Equipos Agropecuarios <\/span><\/em><\/strong><\/pre>\n<p>Funciones que ejerce el\/ la profesional:<\/p>\n<ul>\n<li>Trabajar en el funcionamiento y uso de la maquinaria, los equipos y las instalaciones especiales agropecuarias.<\/li>\n<li>Dominar y emplear aspectos t\u00e9cnicos relacionados con su montaje e instalaci\u00f3n para la producci\u00f3n agropecuaria<\/li>\n<li>Innovar a implantar los avances tecnol\u00f3gicos al sector espec\u00edfico, dando respuestas concretas a las diferentes necesidades mediante un aprovechamiento integral de los recursos.<\/li>\n<li>Trabajar interdisciplinariamente, colaborando con el dise\u00f1o y optimizaci\u00f3n de la maquinaria y equipo agropecuario<\/li>\n<li>Asesorar acerca de la correcta operaci\u00f3n de una maquinaria o equipo agropecuario, pudiendo asistir t\u00e9cnicamente al establecimiento y tambi\u00e9n puede supervisar su mantenimiento.<\/li>\n<li>Comprender y aplicar el marco jur\u00eddico que regula la actividad del sector en vinculaci\u00f3n al medio ambiente, las normas de higiene y seguridad en el trabajo y su relaci\u00f3n con la maquinaria espec\u00edfica.<\/li>\n<li>Evaluar el desempe\u00f1o, calidad y adaptabilidad de la m\u00e1quina<\/li>\n<li>Ejercer los quehaceres propio de su sector de formaci\u00f3n en empresas fabricantes y concesionarios de maquinarias y equipos agropecuarias, como as\u00ed tambi\u00e9n en empresas de servicio destinadas a la producci\u00f3n agr\u00edcola-ganadera<\/li>\n<li>Generar y\/o participar de emprendimientos vinculados con el \u00e1rea de su profesi\u00f3n.<\/li>\n<\/ul>\n<p><img decoding=\"async\" loading=\"lazy\" class=\"aligncenter\" style=\"border: 0;\" src=\"https:\/\/ensavellaneda-cba.infd.edu.ar\/sitio\/wp-content\/uploads\/2018\/08\/planes_Tec._Sup._en_Maquinarias_y_Equipos_Agropecuarios_2.jpg\" width=\"503\" height=\"627\" border=\"0\" \/><\/p>\n","protected":false},"excerpt":{"rendered":"<p>NIVEL FORMACI\u00d3N T\u00c9CNICA SUPERIOR Duraci\u00f3n: 3 (tres) a\u00f1os. Modalidad de Cursado: Combinada R\u00e9gimen de Cursado: Anual Carga horaria total: 1.749 hs Res. Min. Educaci\u00f3n Prov. Cba N\u00b0 1000\/13 \u00a0 \u00a0 \u00a0 \u00a0 \u00a0 \u00a0 \u00a0 \u00a0 \u00a0 \u00a0 \u00a0 \u00a0 \u00a0 \u00a0 \u00a0 \u00a0 \u00a0 \u00a0 \u00a0 \u00a0 \u00a0 \u00a0 \u00a0 \u00a0 \u00a0 \u00a0 \u00a0 &#8230; <a title=\"Tecnicatura Superior en Maquinarias y Equipos Agropecuarios\" class=\"read-more\" href=\"https:\/\/ensavellaneda-cba.infd.edu.ar\/sitio\/tecnicatura-superior-en-maquinarias-y-equipos-agropecuarios\/\" aria-label=\"More on Tecnicatura Superior en Maquinarias y Equipos Agropecuarios\">[+]<\/a><\/p>\n","protected":false},"author":1518,"featured_media":0,"parent":0,"menu_order":0,"comment_status":"closed","ping_status":"closed","template":"","meta":[],"acf":[],"_links":{"self":[{"href":"https:\/\/ensavellaneda-cba.infd.edu.ar\/sitio\/wp-json\/wp\/v2\/pages\/1009"}],"collection":[{"href":"https:\/\/ensavellaneda-cba.infd.edu.ar\/sitio\/wp-json\/wp\/v2\/pages"}],"about":[{"href":"https:\/\/ensavellaneda-cba.infd.edu.ar\/sitio\/wp-json\/wp\/v2\/types\/page"}],"author":[{"embeddable":true,"href":"https:\/\/ensavellaneda-cba.infd.edu.ar\/sitio\/wp-json\/wp\/v2\/users\/1518"}],"replies":[{"embeddable":true,"href":"https:\/\/ensavellaneda-cba.infd.edu.ar\/sitio\/wp-json\/wp\/v2\/comments?post=1009"}],"version-history":[{"count":6,"href":"https:\/\/ensavellaneda-cba.infd.edu.ar\/sitio\/wp-json\/wp\/v2\/pages\/1009\/revisions"}],"predecessor-version":[{"id":3916,"href":"https:\/\/ensavellaneda-cba.infd.edu.ar\/sitio\/wp-json\/wp\/v2\/pages\/1009\/revisions\/3916"}],"wp:attachment":[{"href":"https:\/\/ensavellaneda-cba.infd.edu.ar\/sitio\/wp-json\/wp\/v2\/media?parent=1009"}],"curies":[{"name":"wp","href":"https:\/\/api.w.org\/{rel}","templated":true}]}}