{"id":1000,"date":"2018-08-30T13:51:03","date_gmt":"2018-08-30T16:51:03","guid":{"rendered":"https:\/\/ensavellaneda-cba.infd.edu.ar\/sitio\/profesorado-de-educacion-primaria-2\/"},"modified":"2024-05-22T08:34:21","modified_gmt":"2024-05-22T11:34:21","slug":"profesorado-de-educacion-primaria-2","status":"publish","type":"page","link":"https:\/\/ensavellaneda-cba.infd.edu.ar\/sitio\/profesorado-de-educacion-primaria-2\/","title":{"rendered":"Profesorado de Educaci\u00f3n Primaria"},"content":{"rendered":"<div>\n<p class=\"Titulo1\" style=\"text-align: center;\"><span style=\"font-size: 14pt; color: #808080; font-family: helvetica;\">\u00a0<\/span><\/p>\n<p><span style=\"font-family: helvetica;\">NIVEL: Superior\u00a0<\/span><br \/>\n<span style=\"font-family: helvetica;\">MODALIDAD DE CURSADA:\u00a0<strong> Combinada<\/strong>\u00a0<\/span><br \/>\n<span style=\"font-family: helvetica;\">DURACI\u00d3N DEL PLAN DE ESTUDIOS: 4 (cuatro) a\u00f1os.<\/span><\/p>\n<p><span style=\"font-family: helvetica;\">Resoluci\u00f3n de aprobaci\u00f3n de la carrera Profesorado de Educaci\u00f3n Primaria en\u00a0<a href=\"https:\/\/dges-cba.infd.edu.ar\/sitio\/upload\/Res979-14_Disenio_Curr_Primaria_Inicial_2015.PDF\">https:\/\/dges-cba.infd.edu.ar\/sitio\/upload\/Res979-14_Disenio_Curr_Primaria_Inicial_2015.PDF<\/a><\/span><\/p>\n<p>Dise\u00f1o Curricular del Profesorado de Educaci\u00f3n Primaria (provincia de C\u00f3rdoba) en\u00a0<a href=\"https:\/\/dges-cba.infd.edu.ar\/sitio\/upload\/Disenio_Curr_Primaria_Inicial_2015.pdf\">https:\/\/dges-cba.infd.edu.ar\/sitio\/upload\/Disenio_Curr_Primaria_Inicial_2015.pdf<\/a><\/p>\n<p><img decoding=\"async\" loading=\"lazy\" style=\"vertical-align: middle;\" src=\"https:\/\/ensavellaneda-cba.infd.edu.ar\/sitio\/wp-content\/uploads\/2018\/08\/Plan_de_estudio_N._Primario.jpg\" width=\"503\" height=\"910\" border=\"0\" \/><\/p>\n<div><\/div>\n<\/div>\n","protected":false},"excerpt":{"rendered":"<p>\u00a0 NIVEL: Superior\u00a0 MODALIDAD DE CURSADA:\u00a0 Combinada\u00a0 DURACI\u00d3N DEL PLAN DE ESTUDIOS: 4 (cuatro) a\u00f1os. Resoluci\u00f3n de aprobaci\u00f3n de la carrera Profesorado de Educaci\u00f3n Primaria en\u00a0https:\/\/dges-cba.infd.edu.ar\/sitio\/upload\/Res979-14_Disenio_Curr_Primaria_Inicial_2015.PDF Dise\u00f1o Curricular del Profesorado de Educaci\u00f3n Primaria (provincia de C\u00f3rdoba) en\u00a0https:\/\/dges-cba.infd.edu.ar\/sitio\/upload\/Disenio_Curr_Primaria_Inicial_2015.pdf<\/p>\n","protected":false},"author":1518,"featured_media":0,"parent":0,"menu_order":0,"comment_status":"closed","ping_status":"closed","template":"","meta":[],"acf":[],"_links":{"self":[{"href":"https:\/\/ensavellaneda-cba.infd.edu.ar\/sitio\/wp-json\/wp\/v2\/pages\/1000"}],"collection":[{"href":"https:\/\/ensavellaneda-cba.infd.edu.ar\/sitio\/wp-json\/wp\/v2\/pages"}],"about":[{"href":"https:\/\/ensavellaneda-cba.infd.edu.ar\/sitio\/wp-json\/wp\/v2\/types\/page"}],"author":[{"embeddable":true,"href":"https:\/\/ensavellaneda-cba.infd.edu.ar\/sitio\/wp-json\/wp\/v2\/users\/1518"}],"replies":[{"embeddable":true,"href":"https:\/\/ensavellaneda-cba.infd.edu.ar\/sitio\/wp-json\/wp\/v2\/comments?post=1000"}],"version-history":[{"count":8,"href":"https:\/\/ensavellaneda-cba.infd.edu.ar\/sitio\/wp-json\/wp\/v2\/pages\/1000\/revisions"}],"predecessor-version":[{"id":3892,"href":"https:\/\/ensavellaneda-cba.infd.edu.ar\/sitio\/wp-json\/wp\/v2\/pages\/1000\/revisions\/3892"}],"wp:attachment":[{"href":"https:\/\/ensavellaneda-cba.infd.edu.ar\/sitio\/wp-json\/wp\/v2\/media?parent=1000"}],"curies":[{"name":"wp","href":"https:\/\/api.w.org\/{rel}","templated":true}]}}

Profesorado de Educación Primaria

<div>
<p class="Titulo1" style="text-align: center;"><span style="font-size: 14pt; color: #808080; font-family: helvetica;"> </span></p>
<p><span style="font-family: helvetica;">NIVEL: Superior </span><br />
<span style="font-family: helvetica;">MODALIDAD DE CURSADA: <strong> Combinada</strong> </span><br />
<span style="font-family: helvetica;">DURACIÓN DEL PLAN DE ESTUDIOS: 4 (cuatro) años.</span></p>
<p><span style="font-family: helvetica;">Resolución de aprobación de la carrera Profesorado de Educación Primaria en <a href="https://dges-cba.infd.edu.ar/sitio/upload/Res979-14_Disenio_Curr_Primaria_Inicial_2015.PDF">https://dges-cba.infd.edu.ar/sitio/upload/Res979-14_Disenio_Curr_Primaria_Inicial_2015.PDF</a></span></p>
<p>Diseño Curricular del Profesorado de Educación Primaria (provincia de Córdoba) en <a href="https://dges-cba.infd.edu.ar/sitio/upload/Disenio_Curr_Primaria_Inicial_2015.pdf">https://dges-cba.infd.edu.ar/sitio/upload/Disenio_Curr_Primaria_Inicial_2015.pdf</a></p>
<p><img decoding="async" loading="lazy" style="vertical-align: middle;" src="https://ensavellaneda-cba.infd.edu.ar/sitio/wp-content/uploads/2018/08/Plan_de_estudio_N._Primario.jpg" width="503" height="910" border="0" /></p>
<div></div>
</div>

<p>  NIVEL: Superior  MODALIDAD DE CURSADA:  Combinada  DURACIÓN DEL PLAN DE ESTUDIOS: 4 (cuatro) años. Resolución de aprobación de la carrera Profesorado de Educación Primaria en https://dges-cba.infd.edu.ar/sitio/upload/Res979-14_Disenio_Curr_Primaria_Inicial_2015.PDF Diseño Curricular del Profesorado de Educación Primaria (provincia de Córdoba) en https://dges-cba.infd.edu.ar/sitio/upload/Disenio_Curr_Primaria_Inicial_2015.pdf</p>
